est common divisor of 57 and u.
19
Suppose -10 - 5 = d. Let g = -11 - d. What is the highest common divisor of 2 and g?
2
Let u(r) = -8*r + 8. Let z be u(-4). Let f(p) = -5*p + 56. Let v be f(8). Calculate the highest common divisor of z and v.
8
Let r(y) = -1 + 10*y - y**2 + 7*y - 13. Let f be r(14). What is the highest common factor of f and 112?
28
Let g(y) = -22*y + 1. Let x be g(1). Let p be (3 + -1)*(24 - 4). Let v = p + x. What is the greatest common factor of 152 and v?
19
Suppose 4*i + 2 = -5*u + 34, 0 = 4*i + 2*u - 32. Suppose 921 = i*r - 231. What is the highest common divisor of 16 and r?
16
Suppose -a - 3*l = -6*a + 391, 0 = 4*a - 3*l - 311. Suppose a = 7*y - 46. What is the highest common divisor of 27 and y?
9
Suppose -3*k - 2*y = -k - 114, k - 53 = -5*y. Let h be 87*(-56)/(-63)*(-21)/(-4). What is the highest common divisor of k and h?
58
Suppose 5 = -14*n + 19. Let h be 2 - 6 - ((-85)/n + -4). Suppose 0 = -0*s - 2*s + 3*f + 37, -3*s = 4*f - 47. Calculate the highest common factor of h and s.
17
Suppose 29149 = 42*m + 967. Calculate the highest common factor of 11 and m.
11
Let o = -34 - 65. Suppose 591 = -3*q + t, 15*q - 17*q - 3*t = 405. Let a = o - q. Calculate the highest common factor of a and 11.
11
Suppose 1633 - 2029 = -2*i. What is the greatest common factor of i and 660?
66
Suppose -1629*s - 102 = -1632*s. Calculate the greatest common divisor of 10 and s.
2
Let n(c) = 7*c + 77. Let x(r) = 12*r + 154. Let u(t) = 11*n(t) - 6*x(t). Let l be u(22). What is the greatest common factor of 11 and l?
11
Suppose s - 10*b - 184 = -11*b, -5*s - 4*b + 921 = 0. What is the greatest common factor of s and 74?
37
Let j be (5/((-45)/96))/((-18)/27). Calculate the greatest common factor of j and 68.
4
Suppose 3*s - 5*u - 19 = 29, -2*s + 5*u + 37 = 0. Let w = 5 - s. Let c(y) = -y**2 - 8*y - 5. Let x be c(w). What is the highest common factor of x and 21?
7
Suppose u = 5*k - 10, 4*u - 52 = -0*k - 3*k. Let d(x) = 5*x**2 - 42*x - 158. Let z be d(-4). Calculate the highest common factor of u and z.
10
Suppose -15*g - 220 = -1060. What is the highest common factor of 77 and g?
7
Suppose 3*o = o + 220. Let g(x) = 22*x**3 + 3*x**2 - 5*x + 2. Let l be g(1). What is the highest common factor of l and o?
22
Suppose -2*z + 6*z - 40 = 0. Suppose -60 = 5*c - z*c. What is the greatest common factor of 4 and c?
4
Suppose w = 3*l - 4, w + 4*l - 6 = 2*w. What is the highest common factor of w and 2?
2
Let u be 6/(-27) - (-52)/(-9). Let v(p) = -p + 4. Let q be v(u). Let y = 21 - q. What is the highest common divisor of 11 and y?
11
Suppose r = -r + 10. Suppose -5*c - 60 = -5*w, -r*w - 4*c - 35 = -122. What is the greatest common factor of 75 and w?
15
Suppose 6*k = -3*m + 2*k + 112, -4*k = -3*m + 104. What is the highest common factor of m and 30?
6
Suppose 35*j + 221 = 48*j. Calculate the highest common factor of j and 391.
17
Let u(t) = -t + 13. Let q be u(10). Let h be -6 + 1 + q + (-41)/(-1). Calculate the greatest common factor of h and 65.
13
Suppose 7*q - 43 = -127. Let d(x) = -x**2 - 16*x + 10. Let b be d(q). Let f = b - -30. What is the highest common factor of f and 8?
8
Let c = 230 - 160. What is the highest common divisor of c and 50?
10
Suppose -5*s + 3*b + 53 + 133 = 0, -4*b = -s + 44. What is the greatest common divisor of s and 576?
36
Let w = 638 + -88. What is the highest common divisor of w and 110?
110
Let t(g) = -g**2 - 9*g. Let f be (-2)/(-3)*(16 + -28). Let l be t(f). Let n be (2/6)/((-4)/(-96)). Calculate the highest common factor of l and n.
8
Let i be (-4)/((-2 + 0)/8). Let a(y) = 3*y. Let q(s) = 2*s. Let o(r) = -2*a(r) + 5*q(r). Let w be o(6). What is the greatest common divisor of i and w?
8
Let y(k) = -5*k**2 - 17*k. Let u(s) = 6*s**2 + 7*s + 4*s + 7*s + 1. Let z(r) = 4*u(r) + 5*y(r). Let l be z(-10). What is the greatest common factor of l and 85?
17
Let o = 2 + 3. Suppose 250 = g + 3*g - 5*y, 0 = g + o*y - 75. What is the highest common factor of g and 13?
13
Let h(m) = -m**3 + 3 - 10*m**2 + 0*m**3 - 9*m + 1. Let d be h(-9). Suppose -2*w = -d*w + 34. Calculate the greatest common factor of 85 and w.
17
Let a be (-2)/(-7) - 304/(-14). Suppose -4*w = 4*c + 280, -c - 4*w - w = 50. Let i = c + 141. What is the highest common divisor of a and i?
22
Let r be -30*1/2*-7. Let j(o) be the second derivative of o**4/4 + o**3/6 + 5*o**2/2 + 2*o. Let q be j(-2). What is the greatest common divisor of r and q?
15
Suppose 4*q - 82 = -3*y - q, 0 = 4*y - 3*q - 90. Let u = -167 - -187. Let o be (-7 + 1)*(-10)/u. Calculate the highest common factor of y and o.
3
Suppose 21*z = -0*z + 336. Calculate the highest common factor of z and 152.
8
Let x = 7 + -2. What is the highest common factor of 8 and x?
1
Let w be (-124)/(-248) - 10/(-4). Calculate the greatest common divisor of w and 16.
1
Suppose -2*y - 1 = 5, 0 = 3*p - 5*y + 48. Let x = 28 + p. Let h(j) = j**3 - 8*j**2 + 7*j + 3. Let c be h(x). What is the highest common divisor of c and 6?
3
Suppose 2*c = 5*n - 238, -4*n = 3*c - 4*c - 125. Let f = c - -34. Let l be 6/14 + f/(-21). Calculate the greatest common factor of 36 and l.
4
Let m(z) = -3*z**2 - 135*z + 178. Let k be m(-46). Calculate the greatest common divisor of 248 and k.
8
Let d = -21 + 24. Let m be (-27 - -3)*(-2)/d. Let k = -16 + 40. What is the highest common factor of k and m?
8
Let r(i) = -i + 1. Let b(t) = -40*t + 40. Let l(p) = 2*b(p) - 88*r(p). Let f be l(6). Let o = -8813 - -8818. Calculate the greatest common factor of o and f.
5
Suppose a = -2, 4*a = 4*n + 3*a - 66. Calculate the greatest common factor of 152 and n.
8
Let x(c) = -2*c - 2. Let g be x(0). Let z be (2 - (5 + g)) + 5. Suppose 0*w + 384 = z*w. Calculate the greatest common divisor of 24 and w.
24
Suppose 25 = 3*g - 4*u, 0*u + 15 = g - 3*u. Suppose -g*m = 5*r - 485, 0 = 5*m - 3*r + 4*r - 779. Calculate the highest common divisor of m and 62.
31
Suppose -39*o + 3350 = -706. What is the greatest common factor of o and 16?
8
Suppose -3*g + 0*n + 87 = 3*n, -3*g = -2*n - 77. What is the highest common factor of g and 3?
3
Suppose 2*v - 7 - 1 = 0. Let i be 3 + -21 + 10 + 100. What is the greatest common factor of i and v?
4
Suppose 4*y - 153 = -4*f - 13, y - 3*f = 31. Calculate the greatest common divisor of 2 and y.
2
Suppose -4*o - 3*r + 89 = 0, 31 = 3*o - r - 26. Let t be 605/o*3 + 1/4. Calculate the highest common divisor of 7 and t.
7
Suppose -169 = -6*a - 43. Calculate the greatest common factor of a and 56.
7
Let b = -20 - -17. Let r(x) = -2 + 3*x + 0*x**2 + x**2 - x. Let n be r(b). What is the greatest common factor of 1 and n?
1
Let s be (1488/651)/(4/14). What is the greatest common factor of s and 648?
8
Suppose 84 = -5*l - 41. Let g = l + 25. Suppose 0*k + 2*k - 4*q - 170 = g, 5*k + 4*q - 355 = 0. Calculate the highest common divisor of 50 and k.
25
Suppose -360 = -129*j + 124*j. Let o be 5 + -7 + (0 - -2). Let i(h) = h + 9. Let s be i(o). What is the greatest common divisor of s and j?
9
Let p(w) be the first derivative of 5/2*w**2 - 9*w + 1/3*w**3 - 1. Let d be p(-8). What is the highest common factor of 90 and d?
15
Let n(x) = -42*x - 114. Let q be n(-8). What is the greatest common divisor of q and 6?
6
Let m(o) = 60*o - 50*o - 19 + 51. Let y be m(15). Calculate the highest common factor of 26 and y.
26
Let w = -59 + 81. Suppose 40 = w*m - 21*m. Calculate the highest common divisor of m and 8.
8
Let d be 2*((-831)/(-54) + (-5)/(-45)). Calculate the highest common divisor of 2077 and d.
31
Suppose 45 = -3*p - 66. Let h = -17 - p. Suppose -4*o = z + 4, 0 = -5*z + 5*o - 3*o + 46. Calculate the greatest common factor of z and h.
4
Let m(z) = -8*z. Let c(a) = 24*a. Let o(s) = -5*c(s) - 16*m(s). Let g be (-18)/81 + (-94)/(-18). Let j be o(g). What is the highest common divisor of j and 8?
8
Let m = 746 - 728. What is the greatest common divisor of m and 1152?
18
Let d = -395 + 419. Calculate the highest common divisor of d and 56.
8
Let n = -6 + 7. Let p be 0 - (1 + -19)*n. Let f(w) = 27*w**2 - w - 1. Let y be f(-1). What is the highest common factor of y and p?
9
Suppose 0 = 5*d + j - 157, -2*j = 2*d - 5*d + 89. Let o = d - 23. What is the greatest common divisor of 32 and o?
8
Let r = 109 + -43. Let x be (r/(-9))/(4/(-24)). Let k = 63 - x. What i